 What is o(2)?
-78
Let h(k) = k**2 + 4*k - 2. Determine h(-7).
19
Let p(w) = -5*w + 191. What is p(38)?
1
Let t(w) = w**2 - 4*w - 16. Determine t(0).
-16
Let a(z) = 3*z**3 - 4*z**2 - 2*z + 4. What is a(3)?
43
Let h(o) = -2*o + 25. Determine h(0).
25
Let t(q) = q**2 + 10*q - 14. Give t(-12).
10
Let x(c) = -c**3 + 12*c**2 - 13*c + 17. Determine x(11).
-5
Let s(g) = 17*g - 67. Give s(4).
1
Let b(s) = -2*s - 4. Determine b(-6).
8
Let y(f) = f - 43. Calculate y(-20).
-63
Let w(h) = -h**2 - h + 2. Determine w(-6).
-28
Let f(q) = 14*q + 57. What is f(-4)?
1
Let o(n) = n + 11. Calculate o(-13).
-2
Let q(u) = -u**3 - 22*u**2 - 18*u + 47. Calculate q(-21).
-16
Let c(v) = v**3 - 8*v**2 + 15*v - 35. What is c(7)?
21
Let z(j) = -6*j + 18. Calculate z(10).
-42
Let f(w) = w**2 + 5*w + 5. What is f(-5)?
5
Let j(x) = x**2 - 5*x + 7. What is j(6)?
13
Let t(f) = -f**2 - 21*f + 161. Determine t(-27).
-1
Let x(w) = -3*w**2 + 20*w + 8. Determine x(5).
33
Let m(f) = f**2 + f + 6. What is m(-5)?
26
Let q(w) = -w**2 - 9*w + 25. Calculate q(-10).
15
Let i(z) = -z**3 - 22*z**2 + 25*z + 2. What is i(-23)?
-44
Let o(f) = -f**3 + 5*f**2 - 11*f + 30. Determine o(5).
-25
Let x(w) = w - 1. What is x(7)?
6
Let p(x) = 11*x**3 - 5*x**2 - 4*x. Determine p(-2).
-100
Let r(a) = a**2 - 8*a + 22. What is r(4)?
6
Let y(p) = p**2 + 4*p + 2. Give y(-3).
-1
Let r(v) = -v**3 - 31*v**2 - 2*v - 73. Give r(-31).
-11
Let l(o) = o**2 + 11*o - 11. What is l(-11)?
-11
Let d(x) = -x**2 - 14*x + 207. Determine d(9).
0
Let a(r) = r**2 + 21*r - 198. Calculate a(7).
-2
Let y(p) = -p**3 - 3*p**2 + 2*p - 1. Give y(2).
-17
Let u(r) = r**3 - 20*r**2 - 44*r + 6. Give u(22).
6
Let z(h) = 13*h**2 - 6*h - 1. Determine z(1).
6
Let t(a) = -4*a + 31. Calculate t(11).
-13
Let o(h) = -h**3 - 6*h**2 - 4*h - 8. What is o(-6)?
16
Let j(v) = -v**2 + 10*v + 6. Give j(9).
15
Let a(h) = h**2 + 2. Calculate a(0).
2
Let l(g) = -g**3 + 5*g**2 + 16*g - 18. Give l(7).
-4
Let c(f) = f - 9. What is c(-9)?
-18
Let h(y) = -4*y**3 - y**2 + y + 3. Calculate h(3).
-111
Let z(l) = 3*l**2 + 4*l - 9. Give z(-3).
6
Let t(m) = -m**2 + 28*m - 176. Give t(17).
11
Let f(r) = r - 28. What is f(6)?
-22
Let g(n) = -n**3 - 8*n**2 - n + 10. Calculate g(-8).
18
Let d(m) = 3*m**2 - m - 3. Calculate d(-3).
27
Let h(f) = -2*f**3 + 4*f**2 - 3. What is h(3)?
-21
Let f(h) = -h**3 + 4*h**2 + 9*h - 6. What is f(4)?
30
Let l(k) = 3*k**3 + 13*k**2 - 11*k - 4. Give l(-5).
1
Let t(i) = -i**2 + 11*i - 17. What is t(11)?
-17
Let p(c) = c**3 + 51*c**2 - 51*c + 53. What is p(-52)?
1
Let c(p) = p**2 + 29*p + 104. Calculate c(-25).
4
Let s(u) = 22*u. What is s(1)?
22
Let i(g) = -g**2 - 5*g + 19. Give i(-5).
19
Let k(l) = l**3 - 6*l**2 + 5*l - 11. Give k(6).
19
Let u(i) = i**2 + i - 36. Calculate u(6).
6
Let y(r) = 3*r**3 - 4*r**2 + 6*r - 10. Give y(4).
142
Let v(f) = 12*f - 262. What is v(22)?
2
Let x(c) = -c**3 + 15*c**2 + 16*c + 3. Calculate x(16).
3
Let p(h) = 3*h**2 - h - 4. Determine p(3).
20
Let i(n) = n**2 + 10*n + 12. Determine i(-10).
12
Let d(f) = -f**3 - 3*f**2 - 2*f - 1. Determine d(-1).
-1
Let x(s) = -s**2 + 3*s - 4. Calculate x(4).
-8
Let i(q) = 121*q + 361. Give i(-3).
-2
Let a(w) = 6*w**2 - 4*w + 2. Give a(4).
82
Let j(r) = -8*r + 20. Determine j(10).
-60
Let t(w) = 2*w**3 + 2*w + 2. Determine t(-2).
-18
Let l(w) = w**3 - 9*w**2 + 5*w + 30. Calculate l(8).
6
Let v(j) = -3*j**3 + 2*j**2 + j. Give v(2).
-14
Let i(x) = x**3 - 3*x**2 - 9*x - 9. Calculate i(5).
-4
Let c(z) = 3*z + 96. Give c(-19).
39
Let l(f) = -f**3 - 2*f**2 + 4*f - 5. Give l(-4).
11
Let s(r) = -13*r - 69. Give s(-6).
9
Let n(b) = b**3 + 22*b**2 - 26*b - 69. Calculate n(-23).
0
Let n(u) = -5*u + 94. Give n(21).
-11
Let q(w) = w**2 - 3*w + 20. Give q(5).
30
Let q(j) = -14*j**2 + 2*j - 2. Give q(1).
-14
Let p(v) = v**3 - 3*v**2 - 2*v + 5. Determine p(0).
5
Let q(w) = -33*w**2 - 7*w. Determine q(1).
-40
Let k(f) = f - 1. What is k(4)?
3
Let v(c) = -c**2 - 6*c - 14. What is v(0)?
-14
Let q(a) = a**2 + 11*a - 7. Determine q(-12).
5
Let t(z) = z**3 + 19*z**2 - z - 33. What is t(-19)?
-14
Let z(v) = -v**3 + 10*v**2 + v - 7. Determine z(10).
3
Let f(q) = -q**3 + 13*q**2 - 7*q - 5. What is f(5)?
160
Let i(g) = 4*g**2 + 28*g - 15. Determine i(-7).
-15
Let t(s) = 10*s - 197. Determine t(19).
-7
Let h(i) = i**3 + 9*i**2 + 22*i + 1. What is h(-4)?
-7
Let z(q) = -q - 40. Calculate z(-20).
-20
Let j(i) = -103*i**2 + i. Calculate j(1).
-102
Let b(h) = h**2 + 9*h + 6. What is b(-7)?
-8
Let s(j) = -3*j**3 - 2*j**2 - 2*j - 8. Calculate s(-2).
12
Let t(r) = -r**3 + 8*r**2 + 11*r - 3. What is t(9)?
15
Let f(m) = -m**2 - 7*m. What is f(-8)?
-8
Let a(d) = -41*d**3 + d**2 - d. Give a(1).
-41
Let h(t) = 40*t + 337. Give h(-9).
-23
Let x(w) = -w**3 + 2*w**2 + 2*w. Calculate x(-2).
12
Let l(f) = f**3 - 18*f**2 - 6*f + 11. Calculate l(18).
-97
Let w(t) = -t**3 - 4*t**2 - 8*t + 6. What is w(-4)?
38
Let o(d) = 5*d - 172. Give o(39).
23
Let h(p) = -p**3 + 2*p**2 + 2. Calculate h(3).
-7
Let k(g) = -13*g**2 - g - 1. Determine k(-1).
-13
Let j(m) = -16*m - 105. What is j(-8)?
23
Let j(q) = -q + 13. Calculate j(17).
-4
Let z(a) = a**2 - 11*a - 4. Calculate z(13).
22
Let t(v) = 6*v**2 - 45*v + 19. What is t(7)?
-2
Let d(x) = -x - 19. Give d(-13).
-6
Let t(q) = q**3 + 5*q**2 + 5*q + 10. Give t(-4).
6
Let k(u) = -u**3 - 23*u**2 - 22*u - 1. Determine k(-22).
-1
Let o(u) = 4*u**2 - 17*u - 7. Calculate o(5).
8
Let b(d) = -2*d + 1. What is b(-3)?
7
Let u(p) = -2*p - 8. Determine u(-5).
2
Let n(r) = r**3 + 16*r**2 - 18*r - 24. What is n(-17)?
-7
Let d(u) = -u - 2. Determine d(-6).
4
Let q(t) = 4*t**3 - t**2 + t + 1. Give q(2).
31
Let t(a) = -59*a - 420. Determine t(-7).
-7
Let p(z) = -130*z + 778. Determine p(6).
-2
Let l(n) = -n**2 + 16*n - 12. Determine l(15).
3
Let k(u) = -4*u**2 - 7*u - 8. Determine k(-2).
-10
Let k(o) = o**2 - 9*o - 45. Give k(9).
-45
Let k(f) = f**2 + 4*f - 1. Determine k(3).
20
Let x(u) = u**2 + 6*u - 54. What is x(5)?
1
Let v(p) = p**3 + 6*p**2 - 5*p + 10. Calculate v(-7).
-4
Let x(k) = 2*k + 19. Determine x(-16).
-13
Let a(k) = -5*k + 10. Give a(5).
-15
Let v(f) = -f - 28. Calculate v(-18).
-10
Let d(f) = -f**2 + 18*f - 72. Calculate d(9).
9
Let l(x) = 7*x + 130. What is l(-20)?
-10
Let c(w) = -3*w - 31. Give c(-12).
5
Let g(k) = 5*k**2 - 60*k - 10. Give g(12).
-10
Let h(i) = 25*i + 26. Determine h(-5).
-99
Let o(a) = a**2 + 23*a + 95. Determine o(-19).
19
Let u(i) = -28*i**3 + 6*i - 7. Give u(1).
-29
Let r(j) = 14*j + 177. Determine r(-12).
9
Let a(f) = -f**3 + 2*f**2 - 9*f + 3. Give a(5).
-117
Let n(l) = 4*l**3 - 2*l**2 - 4*l - 2. Determine n(-2).
-34
Let b(u) = u**3 - 16*u**2 + 17*u - 6. Give b(15).
24
Let k(n) = -7*n - 7. Give k(-3).
14
Let p(u) = u**3 + 4*u - 2. What is p(3)?
37
Let b(x) = -5*x**3 + 39*x**2 + 6*x + 17. What is b(8)?
1
Let x(m) = m**3 - 9*m**2 + 8*m - 1. Determine x(8).
-1
Let j(m) = m**2 + 4*m + 21. Determine j(-5).
26
Let q(f) = -f**3 - 6*f**2 + 38*f - 11. Give q(-10).
9
Let j(z) = 5*z**3 + 2*z**2 + z. What is j(-1)?
-4
Let d(n) = -2*n**3 + 12*n**2 + 17*n - 8. Give d(7).
13
Let d(s) = -75*s + 293. Determine d(4).
-7
Let t(z) = -z**3 - 8*z**2 - 13*z - 54. Give t(-7).
-12
Let o(m) = -10*m + 155. What is o(15)?
5
Let a(s) = -13*s. Determine a(2).
-26
Let v(f) = f**3 + 10*f**2 + 8*f - 10. What is v(-7)?
81
Let p(k) = -5*k**3 - k**2 - 1. Give p(1).
-7
Let t(h) = -h**3 + 15*h**2 + 18*h - 38. Calculate t(16).
-6
Let f(p) = 9*p + 46. Give f(-6).
-8
Let x(y) = -2*y**3 - 18*y**2 - 14*y + 9. Calculate x(-8).
-7
Let g(r) = -r**2 + 28*r - 21. Give g(27).
6
Let x(w) = -w**3 - 18*w**2 - 21*w - 19. Calculate x(-17).
49
Let s(y) = y**3 - y**2 + y + 2. What is s(0)?
2
Let f(o) = -5*o**3 + o - 1. Determine f(1).
-5
Let k(u) = -u**3 - 2*u**2 + u - 3. Determine k(3).
-45
Let k(q) = -q**3 + 4*q**2 + 8*q + 19. What is k(6)?
-5
Let k(j) = 21*j + 2. Calculate k(-1).
-19
Let b(s) = s**3 + 9*s**2 + 2*s + 5. Give b(-9).
-13
Let t(s) = -s**2 + 12*s + 49. What is t(14)?
21
Let h(a) = -11*a**3 - a**2 + a + 2. What is h(-1)?
11
Let z(c) = c**3 - 7*c**2 + 3*c - 15. Determine z(7).
6
Let l(f) = 2*f - 36. What is l(8)?
-20
Let b(w) = -w**3 - w**2 + 4. Calculate b(-2).
8
Let n(w) = -w**3 + 7*w**2 - 9. Give n(7).
-9
Let s(y) = -y**3 + 10*y**2 - 6*y - 19. Give s(9).
8
Let l(t) = 18*t**2 - t + 2. Calculate l(1).